{"id":34,"date":"2021-06-14T18:22:04","date_gmt":"2021-06-14T16:22:04","guid":{"rendered":"https:\/\/test.xn--gardicher-hofldle-3qb.de\/?page_id=34"},"modified":"2021-06-15T23:48:22","modified_gmt":"2021-06-15T21:48:22","slug":"das-hoflaedle","status":"publish","type":"page","link":"https:\/\/test.xn--gardicher-hofldle-3qb.de\/index.php\/unser-hof\/das-hoflaedle\/","title":{"rendered":"Das Hofl\u00e4dle"},"content":{"rendered":"\n<p>Das Hofl\u00e4dle ist t\u00e4glich von 07:00 bis 19:00 Uhr f\u00fcr Sie ge\u00f6ffnet!<\/p>\n\n\n\n<iframe src=\"https:\/\/www.google.com\/maps\/embed?pb=!1m18!1m12!1m3!1d2612.249865107196!2d8.975051315888035!3d49.10089349155464!2m3!1f0!2f0!3f0!3m2!1i1024!2i768!4f13.1!3m3!1m2!1s0x479785fd5ac1f539%3A0x31acfe35a76b9b9c!2sGardicher%20Hofl%C3%A4dle!5e0!3m2!1sde!2sde!4v1623690064096!5m2!1sde!2sde\" style=\"border:0;\" allowfullscreen=\"\" loading=\"lazy\" width=\"600\" height=\"450\"><\/iframe>\n","protected":false},"excerpt":{"rendered":"<p>Das Hofl\u00e4dle ist t\u00e4glich von 07:00 bis 19:00 Uhr f\u00fcr Sie ge\u00f6ffnet!<\/p>\n","protected":false},"author":1,"featured_media":0,"parent":14,"menu_order":0,"comment_status":"closed","ping_status":"closed","template":"","meta":{"footnotes":""},"class_list":["post-34","page","type-page","status-publish","hentry","post","no-featured-image"],"_links":{"self":[{"href":"https:\/\/test.xn--gardicher-hofldle-3qb.de\/index.php\/wp-json\/wp\/v2\/pages\/34","targetHints":{"allow":["GET"]}}],"collection":[{"href":"https:\/\/test.xn--gardicher-hofldle-3qb.de\/index.php\/wp-json\/wp\/v2\/pages"}],"about":[{"href":"https:\/\/test.xn--gardicher-hofldle-3qb.de\/index.php\/wp-json\/wp\/v2\/types\/page"}],"author":[{"embeddable":true,"href":"https:\/\/test.xn--gardicher-hofldle-3qb.de\/index.php\/wp-json\/wp\/v2\/users\/1"}],"replies":[{"embeddable":true,"href":"https:\/\/test.xn--gardicher-hofldle-3qb.de\/index.php\/wp-json\/wp\/v2\/comments?post=34"}],"version-history":[{"count":2,"href":"https:\/\/test.xn--gardicher-hofldle-3qb.de\/index.php\/wp-json\/wp\/v2\/pages\/34\/revisions"}],"predecessor-version":[{"id":73,"href":"https:\/\/test.xn--gardicher-hofldle-3qb.de\/index.php\/wp-json\/wp\/v2\/pages\/34\/revisions\/73"}],"up":[{"embeddable":true,"href":"https:\/\/test.xn--gardicher-hofldle-3qb.de\/index.php\/wp-json\/wp\/v2\/pages\/14"}],"wp:attachment":[{"href":"https:\/\/test.xn--gardicher-hofldle-3qb.de\/index.php\/wp-json\/wp\/v2\/media?parent=34"}],"curies":[{"name":"wp","href":"https:\/\/api.w.org\/{rel}","templated":true}]}}